 11, what is 1a - -72?
91
In base 11, what is a - 63?
-54
In base 14, what is -64d + -4?
-653
In base 2, what is -101 - -1100?
111
In base 12, what is 14 + 39?
51
In base 8, what is -2267 + -5?
-2274
In base 8, what is 25 + -31?
-4
In base 10, what is -3 + 266?
263
In base 9, what is 604 - 2?
602
In base 10, what is 2804 - 2?
2802
In base 9, what is -412 + -18?
-431
In base 15, what is 51 - 1c?
34
In base 7, what is -65 - -3?
-62
In base 14, what is 112 - -1?
113
In base 12, what is 1847 - -1?
1848
In base 13, what is -3a - -23?
-17
In base 5, what is 4133 + -2?
4131
In base 8, what is -3 - -515?
512
In base 10, what is 3 + -438?
-435
In base 8, what is 5 - 16153?
-16146
In base 16, what is -35 + c?
-29
In base 5, what is 3031 - 10?
3021
In base 16, what is 2 + -24?
-22
In base 5, what is -14 - 4?
-23
In base 9, what is -2 - 1528?
-1531
In base 13, what is a + 31?
3b
In base 3, what is 11000021 + -1?
11000020
In base 10, what is -4 - -467?
463
In base 10, what is -17 + -73?
-90
In base 5, what is -13 + -130?
-143
In base 3, what is -12102 + -22?
-12201
In base 10, what is 1 + 1785?
1786
In base 5, what is -4 + -301?
-310
In base 10, what is -3 - 883?
-886
In base 4, what is 1023330 + 2?
1023332
In base 14, what is 4 + -a89?
-a85
In base 14, what is -13 - -158?
145
In base 16, what is -2 + 19?
17
In base 8, what is -335 - -11?
-324
In base 15, what is -3 - -31d?
31a
In base 14, what is -5 + 54?
4d
In base 7, what is 2 + -31060?
-31055
In base 2, what is 1100 + 111?
10011
In base 13, what is 51 + -2?
4c
In base 4, what is -32 + -10?
-102
In base 8, what is 27 + 26?
55
In base 2, what is 11100 - -110111?
1010011
In base 15, what is -5 - -4e3?
4dd
In base 8, what is 4 - 612?
-606
In base 9, what is 5 + -88?
-83
In base 5, what is -20 + 30?
10
In base 2, what is -100 - 101001001?
-101001101
In base 16, what is -4 - -2b?
27
In base 16, what is -10 + -6c?
-7c
In base 11, what is -1a96 + -4?
-1a9a
In base 12, what is 5 - -19a?
1a3
In base 16, what is 179 - 14?
165
In base 8, what is 552 - 3?
547
In base 16, what is -14 - 3?
-17
In base 2, what is -110 - -1111100?
1110110
In base 10, what is 26 - -1013?
1039
In base 16, what is -4 + -2d?
-31
In base 15, what is 6c + -1c?
50
In base 4, what is 1303 - -1023?
2332
In base 12, what is -36 + 60?
26
In base 2, what is 11 + -110000001?
-101111110
In base 6, what is 25 + -32?
-3
In base 5, what is -31 + 222?
141
In base 7, what is -26 - 65?
-124
In base 9, what is 4 + 4213?
4217
In base 13, what is -a44 - 3?
-a47
In base 12, what is 2a - 324?
-2b6
In base 10, what is -5 - -24?
19
In base 13, what is -31 - -3?
-2b
In base 13, what is -2 - -355?
353
In base 11, what is 30 + -3?
28
In base 12, what is -2300 + -2?
-2302
In base 9, what is 4500 + -5?
4484
In base 12, what is 13 - -357?
36a
In base 11, what is 42 - -1a6?
238
In base 5, what is -344 + -4?
-403
In base 14, what is -3 - 141?
-144
In base 8, what is 2 - -551?
553
In base 11, what is -5 + -50a0?
-50a5
In base 13, what is bc4 + 3?
bc7
In base 10, what is 27 + -49?
-22
In base 5, what is -4342 - 3?
-4400
In base 4, what is 32 + 102?
200
In base 2, what is -100001110111 - 10?
-100001111001
In base 2, what is 1101100 - 11?
1101001
In base 13, what is -2 - -1?
-1
In base 11, what is -15 - 16?
-30
In base 2, what is 101110 + -101?
101001
In base 10, what is 4 + 19?
23
In base 3, what is -2022 - 2220?
-12012
In base 8, what is 1556 - 0?
1556
In base 7, what is -3 + -5?
-11
In base 15, what is 0 + 19?
19
In base 15, what is -81b - 3?
-81e
In base 7, what is 0 + -44?
-44
In base 5, what is 1124 + 10?
1134
In base 7, what is -2 - 604?
-606
In base 8, what is -1 - -106?
105
In base 6, what is -4 - -55?
51
In base 10, what is 4 - -68?
72
In base 15, what is -a - 36d?
-378
In base 7, what is -46642 - -1?
-46641
In base 3, what is 20002 - 1?
20001
In base 9, what is 43 + -2?
41
In base 15, what is 4 + 64?
68
In base 12, what is -84 + -1?
-85
In base 11, what is 65 + 0?
65
In base 16, what is -5c9 - -e?
-5bb
In base 5, what is -3040 + 10?
-3030
In base 14, what is -1d5c + 4?
-1d58
In base 15, what is -8 + -bc0?
-bc8
In base 9, what is 422 - -12?
434
In base 3, what is 2111201 - -12?
2111220
In base 12, what is 8a5 - 3?
8a2
In base 2, what is -1001101010 - -10?
-1001101000
In base 13, what is 4 - -275?
279
In base 16, what is -2b - 4?
-2f
In base 5, what is 2102 + 424?
3031
In base 2, what is 100 + -101101?
-101001
In base 11, what is 63 + 18?
80
In base 11, what is 2263 - 3?
2260
In base 2, what is -11 + -1101000?
-1101011
In base 3, what is 211 - 12?
122
In base 2, what is 1101101 + -101?
1101000
In base 11, what is -770 - 7?
-777
In base 2, what is -100010 - -1000?
-11010
In base 15, what is 4 - 22?
-1d
In base 5, what is 1022 + 43?
1120
In base 15, what is 0 + e?
e
In base 6, what is -1255 + 12?
-1243
In base 9, what is -560 + -27?
-587
In base 6, what is 10 + -10351?
-10341
In base 16, what is -3 - 6?
-9
In base 13, what is 3b41 - 1?
3b40
In base 13, what is -23 + -12?
-35
In base 8, what is -431 - 41?
-472
In base 14, what is 1 - -2d?
30
In base 3, what is 10100000110 - -2?
10100000112
In base 3, what is -11 + -10000111?
-10000122
In base 10, what is -69 - 71?
-140
In base 14, what is -16 - -35?
1d
In base 8, what is -5 + -14100?
-14105
In base 4, what is -12 + -232?
-310
In base 9, what is -7 + 235?
227
In base 16, what is 103 - 3?
100
In base 6, what is 31 + 3345?
3420
In base 5, what is 102 + 313?
420
In base 2, what is -10010001 - -10100001?
10000
In base 2, what is 1100001100 + 110110?
1101000010
In base 13, what is -5 - -1a?
15
In base 15, what is 1a - 5?
15
In base 9, what is -161 + 3?
-157
In base 2, what is -1011001 + -11101011?
-101000100
In base 16, what is 108 + 1?
109
In base 10, what is -568 - -4?
-564
In base 8, what is -3 - -42?
37
In base 6, what is 11 + 1004?
1015
In base 10, what is -393 - 3?
-396
In base 6, what is -3 + -10233?
-10240
In base 9, what is -7 + -118?
-126
In base 9, what is -6 + -11?
-17
In base 10, what is 69 + 61?
130
In base 15, what is 25 - 14?
11
In base 5, what is -211 + -2010?
-2221
In base 16, what is -2 - -131?
12f
In base 7, what is -3320 - -3?
-3314
In base 8, what is -73 + -741?
-1034
In base 12, what is -402 - 21?
-423
In base 10, what is 2 + 1077?
1079
In base 2, what is 111101 + 1101?
1001010
In base 16, what is b39 + 1?
b3a
In base 3, what is -1001 + 10?
-221
In base 12, what is 511 - -1?
512
In base 2, what is -10 - 100101?
-100111
In base 11, what is -7 + -43?
-4a
In base 14, what is -a + -1d?
-29
In base 8, what is 3 - -137?
142
In base 3, what is 1 - -201221?
201222
In base 14, what is 66a - 2?
668
In base 6, what is -22 - -14?
-4
In base 4, what is -102 - 33?
-201
In base 4, what is 312 - 1?
311
In base 4, what is -12 - -303?
231
In base 10, what is -4 - 49?
-53
In base 13, what is 19 + -17?
2
In base 4, what is -30333 + 2?
-30331
In base 16, what is -4 + afd?
af9
In base 14, what is 3 - 149?
-146
In base 7, what is -6 + -6502?
-6511
In base 8, what is -42 + -103?
-145
In base 3, what is -12 - 111120?
-111202
In base 16, what is -435 - -5?
-430
In base 9, what is -62 - 0?
-62
In base 12, what is -4 + -62a?
-632
In base 15, what is -5 - 2?
-7
In base 10, what is 10 - 65?
-55
In base 3, what is -1000222 + -12?
-1001011
In base 11, what is 5 - -118?
122
In base 3, what is -201211 - 0?
-201211
In base 4, what is 233 + -11?
222
In base 2, what is -101100001 + 11?
-101011110
In base 8, what is -2 + 24?
22
In base 4, what is -1103 - -130?
-313
In base 14, what is -1 + -33?
-34
In base 16, what is -6 + -194?
-19a
In base 10, what is 35 + -39?
-4
In base 11, what is -5 + -55?
-5a
In base 12, what is 5a9 - -7?
5b4
In base 12, what is -4 + 170?
168
In base 15, what is -2 + -13e?
-141
In base 11, what is 32 - 25?
8
In base 10, what is 3196 - 2?
3194
In base 5, what is 34430 - -10?
34440
In base 3, what is -102 + 1102?
1000
In base 13, what is 10 - -62?
72
In base 8, what is -3 - 401?
-404
In base 9, what is 15 + -17?
-2
In base 4, what is -2 + 31?
23
In base 12, what is -60 - 2?
-62
In base 9, what is 2 + 65?
67
In base 11, what is a66 - 3?
a63
In base 7, what is 261 - 3?
255
In base 11, what is -3 + -2203?
-2206
In base 13, what is -1092 + -2?
-1094
In base 15, what is -55 - 27?
-7c
In base 4, what is -11 + 232?
221